[INFO] cloning repository https://github.com/artech-git/rust-TOTP-server
[INFO] running `Command { std: "git" "-c" "credential.helper=" "-c" "credential.helper=/workspace/cargo-home/bin/git-credential-null" "clone" "--bare" "https://github.com/artech-git/rust-TOTP-server" "/workspace/cache/git-repos/https%3A%2F%2Fgithub.com%2Fartech-git%2Frust-TOTP-server", kill_on_drop: false }`
[INFO] [stderr] Cloning into bare repository '/workspace/cache/git-repos/https%3A%2F%2Fgithub.com%2Fartech-git%2Frust-TOTP-server'...
[INFO] running `Command { std: "git" "rev-parse" "HEAD", kill_on_drop: false }`
[INFO] [stdout] 0f420543e005a0d4cae447b63e59170fccd76514
[INFO] checking artech-git/rust-TOTP-server against master#9610dfe5a9a731ced1ea4923ecbd0c57fe367898 for beta-170-4
[INFO] running `Command { std: "git" "clone" "/workspace/cache/git-repos/https%3A%2F%2Fgithub.com%2Fartech-git%2Frust-TOTP-server" "/workspace/builds/worker-4-tc1/source", kill_on_drop: false }`
[INFO] [stderr] Cloning into '/workspace/builds/worker-4-tc1/source'...
[INFO] [stderr] done.
[INFO] validating manifest of git repo https://github.com/artech-git/rust-TOTP-server on toolchain 9610dfe5a9a731ced1ea4923ecbd0c57fe367898
[INFO] running `Command { std: CARGO_HOME="/workspace/cargo-home" RUSTUP_HOME="/workspace/rustup-home" "/workspace/cargo-home/bin/cargo" "+9610dfe5a9a731ced1ea4923ecbd0c57fe367898" "metadata" "--manifest-path" "Cargo.toml" "--no-deps", kill_on_drop: false }`
[INFO] started tweaking git repo https://github.com/artech-git/rust-TOTP-server
[INFO] finished tweaking git repo https://github.com/artech-git/rust-TOTP-server
[INFO] tweaked toml for git repo https://github.com/artech-git/rust-TOTP-server written to /workspace/builds/worker-4-tc1/source/Cargo.toml
[INFO] crate git repo https://github.com/artech-git/rust-TOTP-server already has a lockfile, it will not be regenerated
[INFO] running `Command { std: CARGO_HOME="/workspace/cargo-home" RUSTUP_HOME="/workspace/rustup-home" "/workspace/cargo-home/bin/cargo" "+9610dfe5a9a731ced1ea4923ecbd0c57fe367898" "fetch" "--manifest-path" "Cargo.toml", kill_on_drop: false }`
[INFO] [stderr]     Updating crates.io index
[INFO] [stderr]  Downloading crates ...
[INFO] [stderr]   Downloaded constant_time_eq v0.2.3
[INFO] [stderr]   Downloaded aws-smithy-http-tower v0.46.0
[INFO] [stderr]   Downloaded lambda_runtime v0.5.1
[INFO] [stderr]   Downloaded axum v0.5.12
[INFO] [stderr]   Downloaded totp-lite v2.0.0
[INFO] [stderr]   Downloaded aws-http v0.46.0
[INFO] [stderr]   Downloaded aws-sdk-sso v0.16.0
[INFO] [stderr]   Downloaded lambda_runtime_api_client v0.5.0
[INFO] [stderr]   Downloaded aws-smithy-query v0.46.0
[INFO] [stderr]   Downloaded http-serde v1.1.0
[INFO] [stderr]   Downloaded aws-endpoint v0.46.0
[INFO] [stderr]   Downloaded aws-sig-auth v0.46.0
[INFO] [stderr]   Downloaded lambda_runtime_api_client v0.6.0
[INFO] [stderr]   Downloaded query_map v0.5.0
[INFO] [stderr]   Downloaded qrcode-generator v4.1.6
[INFO] [stderr]   Downloaded aws-sdk-sts v0.16.0
[INFO] [stderr]   Downloaded aws-smithy-xml v0.46.0
[INFO] [stderr]   Downloaded aws-smithy-json v0.46.0
[INFO] [stderr]   Downloaded aws-smithy-client v0.46.0
[INFO] [stderr]   Downloaded aws_lambda_events v0.6.3
[INFO] [stderr]   Downloaded aws-config v0.46.0
[INFO] [stderr]   Downloaded aws-smithy-http v0.46.0
[INFO] [stderr]   Downloaded aws-smithy-types v0.46.0
[INFO] [stderr]   Downloaded lambda_runtime v0.6.0
[INFO] [stderr]   Downloaded aws-sdk-dynamodb v0.16.0
[INFO] [stderr]   Downloaded hdrhistogram v7.5.0
[INFO] [stderr]   Downloaded lambda_http v0.6.0
[INFO] [stderr]   Downloaded aws-sigv4 v0.46.0
[INFO] [stderr]   Downloaded aws-smithy-async v0.46.0
[INFO] [stderr]   Downloaded zeroize v1.5.6
[INFO] [stderr]   Downloaded aws-types v0.46.0
[INFO] [stderr]   Downloaded lambda_http v0.5.2
[INFO] [stderr]   Downloaded totp-rs v2.0.1
[INFO] [stderr]   Downloaded axum-aws-lambda v0.2.0
[INFO] running `Command { std: "docker" "create" "-v" "/var/lib/crater-agent-workspace/builds/worker-4-tc1/target:/opt/rustwide/target:rw,Z" "-v" "/var/lib/crater-agent-workspace/builds/worker-4-tc1/source:/opt/rustwide/workdir:ro,Z" "-v" "/var/lib/crater-agent-workspace/cargo-home:/opt/rustwide/cargo-home:ro,Z" "-v" "/var/lib/crater-agent-workspace/rustup-home:/opt/rustwide/rustup-home:ro,Z" "-e" "SOURCE_DIR=/opt/rustwide/workdir" "-e" "CARGO_TARGET_DIR=/opt/rustwide/target" "-e" "CARGO_HOME=/opt/rustwide/cargo-home" "-e" "RUSTUP_HOME=/opt/rustwide/rustup-home" "-w" "/opt/rustwide/workdir" "-m" "1610612736" "--user" "0:0" "--network" "none" "ghcr.io/rust-lang/crates-build-env/linux@sha256:19e73879b68f455e41552ea35293514db52ea292d993f571636dbffedb77a1ee" "/opt/rustwide/cargo-home/bin/cargo" "+9610dfe5a9a731ced1ea4923ecbd0c57fe367898" "metadata" "--no-deps" "--format-version=1", kill_on_drop: false }`
[INFO] [stdout] 6246802bdd56192488d2bbe212fcc0c926dc87800500055fc52cd0a3c0e8890d
[INFO] running `Command { std: "docker" "start" "-a" "6246802bdd56192488d2bbe212fcc0c926dc87800500055fc52cd0a3c0e8890d", kill_on_drop: false }`
[INFO] running `Command { std: "docker" "inspect" "6246802bdd56192488d2bbe212fcc0c926dc87800500055fc52cd0a3c0e8890d", kill_on_drop: false }`
[INFO] running `Command { std: "docker" "rm" "-f" "6246802bdd56192488d2bbe212fcc0c926dc87800500055fc52cd0a3c0e8890d", kill_on_drop: false }`
[INFO] [stdout] 6246802bdd56192488d2bbe212fcc0c926dc87800500055fc52cd0a3c0e8890d
[INFO] running `Command { std: "docker" "create" "-v" "/var/lib/crater-agent-workspace/builds/worker-4-tc1/target:/opt/rustwide/target:rw,Z" "-v" "/var/lib/crater-agent-workspace/builds/worker-4-tc1/source:/opt/rustwide/workdir:ro,Z" "-v" "/var/lib/crater-agent-workspace/cargo-home:/opt/rustwide/cargo-home:ro,Z" "-v" "/var/lib/crater-agent-workspace/rustup-home:/opt/rustwide/rustup-home:ro,Z" "-e" "SOURCE_DIR=/opt/rustwide/workdir" "-e" "CARGO_TARGET_DIR=/opt/rustwide/target" "-e" "CARGO_INCREMENTAL=0" "-e" "RUST_BACKTRACE=full" "-e" "RUSTFLAGS=--cap-lints=forbid" "-e" "RUSTDOCFLAGS=--cap-lints=forbid" "-e" "CARGO_HOME=/opt/rustwide/cargo-home" "-e" "RUSTUP_HOME=/opt/rustwide/rustup-home" "-w" "/opt/rustwide/workdir" "-m" "1610612736" "--user" "0:0" "--network" "none" "ghcr.io/rust-lang/crates-build-env/linux@sha256:19e73879b68f455e41552ea35293514db52ea292d993f571636dbffedb77a1ee" "/opt/rustwide/cargo-home/bin/cargo" "+9610dfe5a9a731ced1ea4923ecbd0c57fe367898" "check" "--frozen" "--all" "--all-targets" "--message-format=json", kill_on_drop: false }`
[INFO] [stdout] 7e5560168ed0713606d14b4c2612f2cc31bf074eae7b50eae083f67b0d453f5b
[INFO] running `Command { std: "docker" "start" "-a" "7e5560168ed0713606d14b4c2612f2cc31bf074eae7b50eae083f67b0d453f5b", kill_on_drop: false }`
[INFO] [stderr]    Compiling libc v0.2.126
[INFO] [stderr]    Compiling proc-macro2 v1.0.40
[INFO] [stderr]    Compiling quote v1.0.20
[INFO] [stderr]    Compiling unicode-ident v1.0.1
[INFO] [stderr]    Compiling syn v1.0.98
[INFO] [stderr]     Checking once_cell v1.13.0
[INFO] [stderr]    Compiling serde_derive v1.0.139
[INFO] [stderr]    Compiling serde v1.0.139
[INFO] [stderr]    Compiling log v0.4.17
[INFO] [stderr]    Compiling futures-core v0.3.21
[INFO] [stderr]     Checking pin-project-lite v0.2.9
[INFO] [stderr]    Compiling memchr v2.5.0
[INFO] [stderr]     Checking itoa v1.0.2
[INFO] [stderr]    Compiling num-traits v0.2.15
[INFO] [stderr]    Compiling ahash v0.7.6
[INFO] [stderr]     Checking futures-sink v0.3.21
[INFO] [stderr]    Compiling futures-task v0.3.21
[INFO] [stderr]     Checking fnv v1.0.7
[INFO] [stderr]    Compiling futures-util v0.3.21
[INFO] [stderr]     Checking slab v0.4.6
[INFO] [stderr]     Checking pin-utils v0.1.0
[INFO] [stderr]     Checking tracing-core v0.1.28
[INFO] [stderr]    Compiling num-integer v0.1.45
[INFO] [stderr]    Compiling indexmap v1.9.1
[INFO] [stderr]     Checking ryu v1.0.10
[INFO] [stderr]    Compiling futures-channel v0.3.21
[INFO] [stderr]     Checking tower-service v0.3.2
[INFO] [stderr]    Compiling httparse v1.7.1
[INFO] [stderr]     Checking try-lock v0.2.3
[INFO] [stderr]     Checking percent-encoding v2.1.0
[INFO] [stderr]     Checking byteorder v1.4.3
[INFO] [stderr]     Checking httpdate v1.0.2
[INFO] [stderr]     Checking base64 v0.13.0
[INFO] [stderr]     Checking ppv-lite86 v0.2.16
[INFO] [stderr]     Checking want v0.3.0
[INFO] [stderr]    Compiling cc v1.0.73
[INFO] [stderr]     Checking either v1.7.0
[INFO] [stderr]     Checking untrusted v0.7.1
[INFO] [stderr]     Checking spin v0.5.2
[INFO] [stderr]     Checking tower-layer v0.3.1
[INFO] [stderr]     Checking matches v0.1.9
[INFO] [stderr]     Checking num_threads v0.1.6
[INFO] [stderr]     Checking form_urlencoded v1.0.1
[INFO] [stderr]    Compiling semver v1.0.12
[INFO] [stderr]    Compiling crossbeam-utils v0.8.10
[INFO] [stderr]    Compiling memoffset v0.6.5
[INFO] [stderr]    Compiling typenum v1.15.0
[INFO] [stderr]     Checking openssl-probe v0.1.5
[INFO] [stderr]    Compiling generic-array v0.14.5
[INFO] [stderr]    Compiling crossbeam-epoch v0.9.9
[INFO] [stderr]    Compiling serde_json v1.0.82
[INFO] [stderr]     Checking fastrand v1.7.0
[INFO] [stderr]    Compiling rayon-core v1.9.3
[INFO] [stderr]     Checking aho-corasick v0.7.18
[INFO] [stderr]    Compiling lock_api v0.4.7
[INFO] [stderr]     Checking regex-syntax v0.6.27
[INFO] [stderr]     Checking zeroize v1.5.6
[INFO] [stderr]    Compiling crc32fast v1.3.2
[INFO] [stderr]    Compiling rayon v1.5.3
[INFO] [stderr]     Checking adler32 v1.2.0
[INFO] [stderr]     Checking adler v1.0.2
[INFO] [stderr]     Checking getrandom v0.2.7
[INFO] [stderr]     Checking num_cpus v1.13.1
[INFO] [stderr]     Checking socket2 v0.4.4
[INFO] [stderr]     Checking mio v0.8.4
[INFO] [stderr]     Checking signal-hook-registry v1.4.0
[INFO] [stderr]     Checking rand_core v0.6.3
[INFO] [stderr]     Checking time v0.3.11
[INFO] [stderr]    Compiling rustc_version v0.4.0
[INFO] [stderr]     Checking crossbeam-channel v0.5.5
[INFO] [stderr]     Checking rand_chacha v0.3.1
[INFO] [stderr]     Checking hashbrown v0.12.2
[INFO] [stderr]     Checking hdrhistogram v7.5.0
[INFO] [stderr]     Checking miniz_oxide v0.5.3
[INFO] [stderr]     Checking crossbeam-deque v0.8.1
[INFO] [stderr]     Checking subtle v2.4.1
[INFO] [stderr]     Checking rand v0.8.5
[INFO] [stderr]    Compiling async-trait v0.1.56
[INFO] [stderr]    Compiling aws-types v0.46.0
[INFO] [stderr]     Checking hex v0.4.3
[INFO] [stderr]    Compiling ucd-trie v0.1.4
[INFO] [stderr]     Checking nanorand v0.7.0
[INFO] [stderr]     Checking deflate v1.0.0
[INFO] [stderr]     Checking spin v0.9.3
[INFO] [stderr]    Compiling ring v0.16.20
[INFO] [stderr]    Compiling pest v2.1.3
[INFO] [stderr]     Checking time v0.1.44
[INFO] [stderr]    Compiling num-iter v0.1.43
[INFO] [stderr]    Compiling num-rational v0.4.1
[INFO] [stderr]     Checking weezl v0.1.7
[INFO] [stderr]     Checking smallvec v1.9.0
[INFO] [stderr]    Compiling maplit v1.0.2
[INFO] [stderr]     Checking tinyvec_macros v0.1.0
[INFO] [stderr]     Checking flate2 v1.0.24
[INFO] [stderr]     Checking tinyvec v1.6.0
[INFO] [stderr]     Checking threadpool v1.8.1
[INFO] [stderr]     Checking inflate v0.4.5
[INFO] [stderr]     Checking aws-smithy-types v0.46.0
[INFO] [stderr]     Checking cpufeatures v0.2.2
[INFO] [stderr]     Checking lebe v0.5.1
[INFO] [stderr]     Checking bit_field v0.10.1
[INFO] [stderr]     Checking mime v0.3.16
[INFO] [stderr]     Checking urlencoding v2.1.0
[INFO] [stderr]     Checking color_quant v1.1.0
[INFO] [stderr]     Checking half v1.8.2
[INFO] [stderr]     Checking png v0.17.5
[INFO] [stderr]     Checking http-range-header v0.3.0
[INFO] [stderr]     Checking xmlparser v0.13.3
[INFO] [stderr]     Checking scoped_threadpool v0.1.9
[INFO] [stderr]     Checking gif v0.11.4
[INFO] [stderr]     Checking dlv-list v0.3.0
[INFO] [stderr]    Compiling encoding_rs v0.8.31
[INFO] [stderr]     Checking bytemuck v1.10.0
[INFO] [stderr]     Checking unicode-bidi v0.3.8
[INFO] [stderr]     Checking ordered-multimap v0.4.3
[INFO] [stderr]     Checking aws-smithy-json v0.46.0
[INFO] [stderr]    Compiling pest_meta v2.1.3
[INFO] [stderr]     Checking aws-smithy-xml v0.46.0
[INFO] [stderr]     Checking aws-smithy-query v0.46.0
[INFO] [stderr]     Checking matchit v0.5.0
[INFO] [stderr]     Checking crypto-common v0.1.5
[INFO] [stderr]     Checking block-buffer v0.10.2
[INFO] [stderr]     Checking regex v1.6.0
[INFO] [stderr]     Checking utf8-width v0.1.6
[INFO] [stderr]     Checking minimal-lexical v0.2.1
[INFO] [stderr]     Checking sync_wrapper v0.1.1
[INFO] [stderr]     Checking linked-hash-map v0.5.6
[INFO] [stderr]     Checking qrcodegen v1.8.0
[INFO] [stderr]     Checking html-escape v0.2.11
[INFO] [stderr]     Checking digest v0.10.3
[INFO] [stderr]     Checking rust-ini v0.18.0
[INFO] [stderr]     Checking unicode-normalization v0.1.21
[INFO] [stderr]     Checking sharded-slab v0.1.4
[INFO] [stderr]     Checking yaml-rust v0.4.5
[INFO] [stderr]     Checking nom v7.1.1
[INFO] [stderr]     Checking sha-1 v0.10.0
[INFO] [stderr]     Checking sha2 v0.10.2
[INFO] [stderr]     Checking hmac v0.12.1
[INFO] [stderr]     Checking tracing-log v0.1.3
[INFO] [stderr]     Checking thread_local v1.1.4
[INFO] [stderr]     Checking base32 v0.4.0
[INFO] [stderr]     Checking pathdiff v0.2.1
[INFO] [stderr]     Checking ansi_term v0.12.1
[INFO] [stderr]     Checking constant_time_eq v0.2.3
[INFO] [stderr]     Checking koibumi-base32 v0.0.2
[INFO] [stderr]     Checking async_once v0.2.6
[INFO] [stderr]     Checking totp-lite v2.0.0
[INFO] [stderr]     Checking idna v0.2.3
[INFO] [stderr]     Checking url v2.2.2
[INFO] [stderr]     Checking jpeg-decoder v0.2.6
[INFO] [stderr]     Checking tiff v0.7.2
[INFO] [stderr]     Checking sct v0.6.1
[INFO] [stderr]     Checking webpki v0.21.4
[INFO] [stderr]     Checking ct-logs v0.8.0
[INFO] [stderr]     Checking rustls v0.19.1
[INFO] [stderr]    Compiling pest_generator v2.1.3
[INFO] [stderr]    Compiling tokio-macros v1.8.0
[INFO] [stderr]    Compiling tracing-attributes v0.1.22
[INFO] [stderr]    Compiling futures-macro v0.3.21
[INFO] [stderr]    Compiling pin-project-internal v1.0.11
[INFO] [stderr]    Compiling async-stream-impl v0.3.3
[INFO] [stderr]    Compiling pest_derive v2.1.0
[INFO] [stderr]     Checking async-stream v0.3.3
[INFO] [stderr]     Checking rustls-native-certs v0.5.0
[INFO] [stderr]     Checking pin-project v1.0.11
[INFO] [stderr]     Checking flume v0.10.13
[INFO] [stderr]     Checking tracing v0.1.35
[INFO] [stderr]     Checking tracing-subscriber v0.3.14
[INFO] [stderr]     Checking exr v1.4.2
[INFO] [stderr]     Checking image v0.24.2
[INFO] [stderr]     Checking bytes v1.1.0
[INFO] [stderr]     Checking chrono v0.4.19
[INFO] [stderr]     Checking serde_urlencoded v0.7.1
[INFO] [stderr]     Checking query_map v0.5.0
[INFO] [stderr]     Checking toml v0.5.9
[INFO] [stderr]     Checking json5 v0.4.1
[INFO] [stderr]     Checking ron v0.7.1
[INFO] [stderr]     Checking uuid v1.1.2
[INFO] [stderr]     Checking tokio v1.19.2
[INFO] [stderr]     Checking http v0.2.8
[INFO] [stderr]     Checking bytes-utils v0.1.2
[INFO] [stderr]     Checking qrcode-generator v4.1.6
[INFO] [stderr]     Checking totp-rs v2.0.1
[INFO] [stderr]     Checking http-body v0.4.5
[INFO] [stderr]     Checking http-serde v1.1.0
[INFO] [stderr]     Checking config v0.13.1
[INFO] [stderr]     Checking aws_lambda_events v0.6.3
[INFO] [stderr]     Checking axum-core v0.2.7
[INFO] [stderr]     Checking tokio-util v0.7.3
[INFO] [stderr]     Checking tokio-stream v0.1.9
[INFO] [stderr]     Checking tokio-rustls v0.22.0
[INFO] [stderr]     Checking aws-smithy-async v0.46.0
[INFO] [stderr]     Checking h2 v0.3.13
[INFO] [stderr]     Checking tower v0.4.13
[INFO] [stderr]     Checking tower-http v0.3.4
[INFO] [stderr]     Checking hyper v0.14.20
[INFO] [stderr]     Checking aws-smithy-http v0.46.0
[INFO] [stderr]     Checking hyper-rustls v0.22.1
[INFO] [stderr]     Checking lambda_runtime_api_client v0.5.0
[INFO] [stderr]     Checking lambda_runtime_api_client v0.6.0
[INFO] [stderr]     Checking axum v0.5.12
[INFO] [stderr]     Checking lambda_runtime v0.5.1
[INFO] [stderr]     Checking lambda_runtime v0.6.0
[INFO] [stderr]     Checking aws-smithy-http-tower v0.46.0
[INFO] [stderr]     Checking aws-sigv4 v0.46.0
[INFO] [stderr]     Checking lambda_http v0.6.0
[INFO] [stderr]     Checking aws-smithy-client v0.46.0
[INFO] [stderr]     Checking lambda_http v0.5.2
[INFO] [stderr]     Checking aws-endpoint v0.46.0
[INFO] [stderr]     Checking aws-http v0.46.0
[INFO] [stderr]     Checking aws-sig-auth v0.46.0
[INFO] [stderr]     Checking aws-sdk-sts v0.16.0
[INFO] [stderr]     Checking aws-sdk-sso v0.16.0
[INFO] [stderr]     Checking aws-sdk-dynamodb v0.16.0
[INFO] [stderr]     Checking axum-aws-lambda v0.2.0
[INFO] [stderr]     Checking aws-config v0.46.0
[INFO] [stderr]     Checking totp-server v0.1.0 (/opt/rustwide/workdir)
[INFO] [stdout] error[E0433]: failed to resolve: use of undeclared crate or module `rusty_paseto`
[INFO] [stdout]   --> src/operation.rs:69:9
[INFO] [stdout]    |
[INFO] [stdout] 69 |     use rusty_paseto::core::*;
[INFO] [stdout]    |         ^^^^^^^^^^^^ use of undeclared crate or module `rusty_paseto`
[INFO] [stdout] 
[INFO] [stdout] 
[INFO] [stdout] error[E0433]: failed to resolve: use of undeclared crate or module `rusty_paseto`
[INFO] [stdout]   --> src/operation.rs:69:9
[INFO] [stdout]    |
[INFO] [stdout] 69 |     use rusty_paseto::core::*;
[INFO] [stdout]    |         ^^^^^^^^^^^^ use of undeclared crate or module `rusty_paseto`
[INFO] [stdout] 
[INFO] [stdout] 
[INFO] [stdout] error[E0432]: unresolved imports `crate::auth::authentication`, `crate::auth::otp_verification`
[INFO] [stdout]   --> src/main.rs:15:19
[INFO] [stdout]    |
[INFO] [stdout] 15 | use crate::auth::{authentication, otp_verification, register_user, verification};
[INFO] [stdout]    |                   ^^^^^^^^^^^^^^  ^^^^^^^^^^^^^^^^
[INFO] [stdout]    |                   |               |
[INFO] [stdout]    |                   |               no `otp_verification` in `auth`
[INFO] [stdout]    |                   |               help: a similar name exists in the module: `verification`
[INFO] [stdout]    |                   no `authentication` in `auth`
[INFO] [stdout] 
[INFO] [stdout] 
[INFO] [stdout] error[E0432]: unresolved imports `crate::auth::authentication`, `crate::auth::otp_verification`
[INFO] [stdout]   --> src/main.rs:15:19
[INFO] [stdout]    |
[INFO] [stdout] 15 | use crate::auth::{authentication, otp_verification, register_user, verification};
[INFO] [stdout]    |                   ^^^^^^^^^^^^^^  ^^^^^^^^^^^^^^^^
[INFO] [stdout]    |                   |               |
[INFO] [stdout]    |                   |               no `otp_verification` in `auth`
[INFO] [stdout]    |                   |               help: a similar name exists in the module: `verification`
[INFO] [stdout]    |                   no `authentication` in `auth`
[INFO] [stdout] 
[INFO] [stdout] 
[INFO] [stdout] error[E0433]: failed to resolve: use of undeclared crate or module `chrono`
[INFO] [stdout]    --> src/operation.rs:105:20
[INFO] [stdout]     |
[INFO] [stdout] 105 |     let duration = chrono::Utc::now() - prev_time;
[INFO] [stdout]     |                    ^^^^^^ use of undeclared crate or module `chrono`
[INFO] [stdout] 
[INFO] [stdout] 
[INFO] [stdout] error[E0433]: failed to resolve: use of undeclared crate or module `chrono`
[INFO] [stdout]    --> src/operation.rs:105:20
[INFO] [stdout]     |
[INFO] [stdout] 105 |     let duration = chrono::Utc::now() - prev_time;
[INFO] [stdout]     |                    ^^^^^^ use of undeclared crate or module `chrono`
[INFO] [stdout] 
[INFO] [stdout] 
[INFO] [stdout] error[E0433]: failed to resolve: use of undeclared crate or module `rusty_paseto`
[INFO] [stdout]    --> src/operation.rs:126:15
[INFO] [stdout]     |
[INFO] [stdout] 126 |     let key = rusty_paseto::prelude::PasetoSymmetricKey::<
[INFO] [stdout]     |               ^^^^^^^^^^^^ use of undeclared crate or module `rusty_paseto`
[INFO] [stdout] 
[INFO] [stdout] 
[INFO] [stdout] error[E0433]: failed to resolve: use of undeclared crate or module `rusty_paseto`
[INFO] [stdout]    --> src/operation.rs:126:15
[INFO] [stdout]     |
[INFO] [stdout] 126 |     let key = rusty_paseto::prelude::PasetoSymmetricKey::<
[INFO] [stdout]     |               ^^^^^^^^^^^^ use of undeclared crate or module `rusty_paseto`
[INFO] [stdout] 
[INFO] [stdout] 
[INFO] [stdout] error[E0433]: failed to resolve: use of undeclared crate or module `rusty_paseto`
[INFO] [stdout]    --> src/operation.rs:127:9
[INFO] [stdout]     |
[INFO] [stdout] 127 |         rusty_paseto::prelude::V4,
[INFO] [stdout]     |         ^^^^^^^^^^^^ use of undeclared crate or module `rusty_paseto`
[INFO] [stdout] 
[INFO] [stdout] 
[INFO] [stdout] error[E0433]: failed to resolve: use of undeclared crate or module `rusty_paseto`
[INFO] [stdout]    --> src/operation.rs:127:9
[INFO] [stdout]     |
[INFO] [stdout] 127 |         rusty_paseto::prelude::V4,
[INFO] [stdout]     |         ^^^^^^^^^^^^ use of undeclared crate or module `rusty_paseto`
[INFO] [stdout] 
[INFO] [stdout] 
[INFO] [stdout] error[E0433]: failed to resolve: use of undeclared crate or module `rusty_paseto`
[INFO] [stdout]    --> src/operation.rs:128:9
[INFO] [stdout]     |
[INFO] [stdout] 128 |         rusty_paseto::prelude::Local,
[INFO] [stdout]     |         ^^^^^^^^^^^^ use of undeclared crate or module `rusty_paseto`
[INFO] [stdout] 
[INFO] [stdout] 
[INFO] [stdout] error[E0433]: failed to resolve: use of undeclared crate or module `rusty_paseto`
[INFO] [stdout]    --> src/operation.rs:128:9
[INFO] [stdout]     |
[INFO] [stdout] 128 |         rusty_paseto::prelude::Local,
[INFO] [stdout]     |         ^^^^^^^^^^^^ use of undeclared crate or module `rusty_paseto`
[INFO] [stdout] 
[INFO] [stdout] 
[INFO] [stdout] error[E0433]: failed to resolve: use of undeclared crate or module `rusty_paseto`
[INFO] [stdout]    --> src/operation.rs:131:21
[INFO] [stdout]     |
[INFO] [stdout] 131 |     let val = match rusty_paseto::prelude::Paseto::<
[INFO] [stdout]     |                     ^^^^^^^^^^^^ use of undeclared crate or module `rusty_paseto`
[INFO] [stdout] 
[INFO] [stdout] 
[INFO] [stdout] error[E0433]: failed to resolve: use of undeclared crate or module `rusty_paseto`
[INFO] [stdout]    --> src/operation.rs:131:21
[INFO] [stdout]     |
[INFO] [stdout] 131 |     let val = match rusty_paseto::prelude::Paseto::<
[INFO] [stdout]     |                     ^^^^^^^^^^^^ use of undeclared crate or module `rusty_paseto`
[INFO] [stdout] 
[INFO] [stdout] 
[INFO] [stdout] error[E0433]: failed to resolve: use of undeclared crate or module `rusty_paseto`
[INFO] [stdout]    --> src/operation.rs:132:9
[INFO] [stdout]     |
[INFO] [stdout] 132 |         rusty_paseto::prelude::V4,
[INFO] [stdout]     |         ^^^^^^^^^^^^ use of undeclared crate or module `rusty_paseto`
[INFO] [stdout] 
[INFO] [stdout] 
[INFO] [stdout] error[E0433]: failed to resolve: use of undeclared crate or module `rusty_paseto`
[INFO] [stdout]    --> src/operation.rs:132:9
[INFO] [stdout]     |
[INFO] [stdout] 132 |         rusty_paseto::prelude::V4,
[INFO] [stdout]     |         ^^^^^^^^^^^^ use of undeclared crate or module `rusty_paseto`
[INFO] [stdout] 
[INFO] [stdout] 
[INFO] [stdout] error[E0433]: failed to resolve: use of undeclared crate or module `rusty_paseto`
[INFO] [stdout]    --> src/operation.rs:133:9
[INFO] [stdout]     |
[INFO] [stdout] 133 |         rusty_paseto::prelude::Local,
[INFO] [stdout]     |         ^^^^^^^^^^^^ use of undeclared crate or module `rusty_paseto`
[INFO] [stdout] 
[INFO] [stdout] 
[INFO] [stdout] error[E0433]: failed to resolve: use of undeclared crate or module `rusty_paseto`
[INFO] [stdout]    --> src/operation.rs:133:9
[INFO] [stdout]     |
[INFO] [stdout] 133 |         rusty_paseto::prelude::Local,
[INFO] [stdout]     |         ^^^^^^^^^^^^ use of undeclared crate or module `rusty_paseto`
[INFO] [stdout] 
[INFO] [stdout] 
[INFO] [stdout] error[E0412]: cannot find type `V4` in this scope
[INFO] [stdout]   --> src/operation.rs:71:36
[INFO] [stdout]    |
[INFO] [stdout] 71 |     let key = PasetoSymmetricKey::<V4, Local>::from(
[INFO] [stdout]    |                                    ^^ not found in this scope
[INFO] [stdout]    |
[INFO] [stdout] help: there is an enum variant `core::net::IpAddr::V4` and 4 others; try using the variant's enum
[INFO] [stdout]    |
[INFO] [stdout] 71 |     let key = PasetoSymmetricKey::<core::net::IpAddr, Local>::from(
[INFO] [stdout]    |                                    ~~~~~~~~~~~~~~~~~
[INFO] [stdout] 71 |     let key = PasetoSymmetricKey::<core::net::SocketAddr, Local>::from(
[INFO] [stdout]    |                                    ~~~~~~~~~~~~~~~~~~~~~
[INFO] [stdout] 71 |     let key = PasetoSymmetricKey::<std::net::IpAddr, Local>::from(
[INFO] [stdout]    |                                    ~~~~~~~~~~~~~~~~
[INFO] [stdout] 71 |     let key = PasetoSymmetricKey::<std::net::SocketAddr, Local>::from(
[INFO] [stdout]    |                                    ~~~~~~~~~~~~~~~~~~~~
[INFO] [stdout] help: you might be missing a type parameter
[INFO] [stdout]    |
[INFO] [stdout] 68 | pub fn generate_token<V4>(data: &String, encrypt_key: &String, nonce_key: &String) -> Result<String, ()> {
[INFO] [stdout]    |                      ++++
[INFO] [stdout] 
[INFO] [stdout] 
[INFO] [stdout] error[E0412]: cannot find type `Local` in this scope
[INFO] [stdout]   --> src/operation.rs:71:40
[INFO] [stdout]    |
[INFO] [stdout] 71 |     let key = PasetoSymmetricKey::<V4, Local>::from(
[INFO] [stdout]    |                                        ^^^^^ not found in this scope
[INFO] [stdout]    |
[INFO] [stdout] help: you might be missing a type parameter
[INFO] [stdout]    |
[INFO] [stdout] 68 | pub fn generate_token<Local>(data: &String, encrypt_key: &String, nonce_key: &String) -> Result<String, ()> {
[INFO] [stdout]    |                      +++++++
[INFO] [stdout] 
[INFO] [stdout] 
[INFO] [stdout] error[E0412]: cannot find type `V4` in this scope
[INFO] [stdout]   --> src/operation.rs:71:36
[INFO] [stdout]    |
[INFO] [stdout] 71 |     let key = PasetoSymmetricKey::<V4, Local>::from(
[INFO] [stdout]    |                                    ^^ not found in this scope
[INFO] [stdout]    |
[INFO] [stdout] help: there is an enum variant `core::net::IpAddr::V4` and 4 others; try using the variant's enum
[INFO] [stdout]    |
[INFO] [stdout] 71 |     let key = PasetoSymmetricKey::<core::net::IpAddr, Local>::from(
[INFO] [stdout]    |                                    ~~~~~~~~~~~~~~~~~
[INFO] [stdout] 71 |     let key = PasetoSymmetricKey::<core::net::SocketAddr, Local>::from(
[INFO] [stdout]    |                                    ~~~~~~~~~~~~~~~~~~~~~
[INFO] [stdout] 71 |     let key = PasetoSymmetricKey::<std::net::IpAddr, Local>::from(
[INFO] [stdout]    |                                    ~~~~~~~~~~~~~~~~
[INFO] [stdout] 71 |     let key = PasetoSymmetricKey::<std::net::SocketAddr, Local>::from(
[INFO] [stdout]    |                                    ~~~~~~~~~~~~~~~~~~~~
[INFO] [stdout] help: you might be missing a type parameter
[INFO] [stdout]    |
[INFO] [stdout] 68 | pub fn generate_token<V4>(data: &String, encrypt_key: &String, nonce_key: &String) -> Result<String, ()> {
[INFO] [stdout]    |                      ++++
[INFO] [stdout] 
[INFO] [stdout] 
[INFO] [stdout] error[E0433]: failed to resolve: use of undeclared type `Key`
[INFO] [stdout]   --> src/operation.rs:72:9
[INFO] [stdout]    |
[INFO] [stdout] 72 |         Key::<32>::try_from(
[INFO] [stdout]    |         ^^^ use of undeclared type `Key`
[INFO] [stdout]    |
[INFO] [stdout] help: consider importing this struct
[INFO] [stdout]    |
[INFO] [stdout] 1  + use std::thread::local_impl::Key;
[INFO] [stdout]    |
[INFO] [stdout] 
[INFO] [stdout] 
[INFO] [stdout] error[E0412]: cannot find type `Local` in this scope
[INFO] [stdout]   --> src/operation.rs:71:40
[INFO] [stdout]    |
[INFO] [stdout] 71 |     let key = PasetoSymmetricKey::<V4, Local>::from(
[INFO] [stdout]    |                                        ^^^^^ not found in this scope
[INFO] [stdout]    |
[INFO] [stdout] help: you might be missing a type parameter
[INFO] [stdout]    |
[INFO] [stdout] 68 | pub fn generate_token<Local>(data: &String, encrypt_key: &String, nonce_key: &String) -> Result<String, ()> {
[INFO] [stdout]    |                      +++++++
[INFO] [stdout] 
[INFO] [stdout] 
[INFO] [stdout] error[E0433]: failed to resolve: use of undeclared type `Key`
[INFO] [stdout]   --> src/operation.rs:78:17
[INFO] [stdout]    |
[INFO] [stdout] 78 |     let nonce = Key::<32>::try_from(
[INFO] [stdout]    |                 ^^^ use of undeclared type `Key`
[INFO] [stdout]    |
[INFO] [stdout] help: consider importing this struct
[INFO] [stdout]    |
[INFO] [stdout] 1  + use std::thread::local_impl::Key;
[INFO] [stdout]    |
[INFO] [stdout] 
[INFO] [stdout] 
[INFO] [stdout] error[E0433]: failed to resolve: use of undeclared type `Key`
[INFO] [stdout]   --> src/operation.rs:72:9
[INFO] [stdout]    |
[INFO] [stdout] 72 |         Key::<32>::try_from(
[INFO] [stdout]    |         ^^^ use of undeclared type `Key`
[INFO] [stdout]    |
[INFO] [stdout] help: consider importing this struct
[INFO] [stdout]    |
[INFO] [stdout] 1  + use std::thread::local_impl::Key;
[INFO] [stdout]    |
[INFO] [stdout] 
[INFO] [stdout] 
[INFO] [stdout] error[E0433]: failed to resolve: use of undeclared type `Key`
[INFO] [stdout]   --> src/operation.rs:78:17
[INFO] [stdout]    |
[INFO] [stdout] 78 |     let nonce = Key::<32>::try_from(
[INFO] [stdout]    |                 ^^^ use of undeclared type `Key`
[INFO] [stdout]    |
[INFO] [stdout] help: consider importing this struct
[INFO] [stdout]    |
[INFO] [stdout] 1  + use std::thread::local_impl::Key;
[INFO] [stdout]    |
[INFO] [stdout] 
[INFO] [stdout] 
[INFO] [stdout] error[E0412]: cannot find type `V4` in this scope
[INFO] [stdout]   --> src/operation.rs:83:38
[INFO] [stdout]    |
[INFO] [stdout] 83 |     let paseto_nonce = PasetoNonce::<V4, Local>::from(&nonce);
[INFO] [stdout]    |                                      ^^ not found in this scope
[INFO] [stdout]    |
[INFO] [stdout] help: there is an enum variant `core::net::IpAddr::V4` and 4 others; try using the variant's enum
[INFO] [stdout]    |
[INFO] [stdout] 83 |     let paseto_nonce = PasetoNonce::<core::net::IpAddr, Local>::from(&nonce);
[INFO] [stdout]    |                                      ~~~~~~~~~~~~~~~~~
[INFO] [stdout] 83 |     let paseto_nonce = PasetoNonce::<core::net::SocketAddr, Local>::from(&nonce);
[INFO] [stdout]    |                                      ~~~~~~~~~~~~~~~~~~~~~
[INFO] [stdout] 83 |     let paseto_nonce = PasetoNonce::<std::net::IpAddr, Local>::from(&nonce);
[INFO] [stdout]    |                                      ~~~~~~~~~~~~~~~~
[INFO] [stdout] 83 |     let paseto_nonce = PasetoNonce::<std::net::SocketAddr, Local>::from(&nonce);
[INFO] [stdout]    |                                      ~~~~~~~~~~~~~~~~~~~~
[INFO] [stdout] help: you might be missing a type parameter
[INFO] [stdout]    |
[INFO] [stdout] 68 | pub fn generate_token<V4>(data: &String, encrypt_key: &String, nonce_key: &String) -> Result<String, ()> {
[INFO] [stdout]    |                      ++++
[INFO] [stdout] 
[INFO] [stdout] 
[INFO] [stdout] error[E0412]: cannot find type `Local` in this scope
[INFO] [stdout]   --> src/operation.rs:83:42
[INFO] [stdout]    |
[INFO] [stdout] 83 |     let paseto_nonce = PasetoNonce::<V4, Local>::from(&nonce);
[INFO] [stdout]    |                                          ^^^^^ not found in this scope
[INFO] [stdout]    |
[INFO] [stdout] help: you might be missing a type parameter
[INFO] [stdout]    |
[INFO] [stdout] 68 | pub fn generate_token<Local>(data: &String, encrypt_key: &String, nonce_key: &String) -> Result<String, ()> {
[INFO] [stdout]    |                      +++++++
[INFO] [stdout] 
[INFO] [stdout] 
[INFO] [stdout] error[E0412]: cannot find type `V4` in this scope
[INFO] [stdout]   --> src/operation.rs:83:38
[INFO] [stdout]    |
[INFO] [stdout] 83 |     let paseto_nonce = PasetoNonce::<V4, Local>::from(&nonce);
[INFO] [stdout]    |                                      ^^ not found in this scope
[INFO] [stdout]    |
[INFO] [stdout] help: there is an enum variant `core::net::IpAddr::V4` and 4 others; try using the variant's enum
[INFO] [stdout]    |
[INFO] [stdout] 83 |     let paseto_nonce = PasetoNonce::<core::net::IpAddr, Local>::from(&nonce);
[INFO] [stdout]    |                                      ~~~~~~~~~~~~~~~~~
[INFO] [stdout] 83 |     let paseto_nonce = PasetoNonce::<core::net::SocketAddr, Local>::from(&nonce);
[INFO] [stdout]    |                                      ~~~~~~~~~~~~~~~~~~~~~
[INFO] [stdout] 83 |     let paseto_nonce = PasetoNonce::<std::net::IpAddr, Local>::from(&nonce);
[INFO] [stdout]    |                                      ~~~~~~~~~~~~~~~~
[INFO] [stdout] 83 |     let paseto_nonce = PasetoNonce::<std::net::SocketAddr, Local>::from(&nonce);
[INFO] [stdout]    |                                      ~~~~~~~~~~~~~~~~~~~~
[INFO] [stdout] help: you might be missing a type parameter
[INFO] [stdout]    |
[INFO] [stdout] 68 | pub fn generate_token<V4>(data: &String, encrypt_key: &String, nonce_key: &String) -> Result<String, ()> {
[INFO] [stdout]    |                      ++++
[INFO] [stdout] 
[INFO] [stdout] 
[INFO] [stdout] error[E0412]: cannot find type `Local` in this scope
[INFO] [stdout]   --> src/operation.rs:83:42
[INFO] [stdout]    |
[INFO] [stdout] 83 |     let paseto_nonce = PasetoNonce::<V4, Local>::from(&nonce);
[INFO] [stdout]    |                                          ^^^^^ not found in this scope
[INFO] [stdout]    |
[INFO] [stdout] help: you might be missing a type parameter
[INFO] [stdout]    |
[INFO] [stdout] 68 | pub fn generate_token<Local>(data: &String, encrypt_key: &String, nonce_key: &String) -> Result<String, ()> {
[INFO] [stdout]    |                      +++++++
[INFO] [stdout] 
[INFO] [stdout] 
[INFO] [stdout] error[E0412]: cannot find type `V4` in this scope
[INFO] [stdout]   --> src/operation.rs:87:32
[INFO] [stdout]    |
[INFO] [stdout] 87 |     let token = match Paseto::<V4, Local>::builder()
[INFO] [stdout]    |                                ^^ not found in this scope
[INFO] [stdout]    |
[INFO] [stdout] help: there is an enum variant `core::net::IpAddr::V4` and 4 others; try using the variant's enum
[INFO] [stdout]    |
[INFO] [stdout] 87 |     let token = match Paseto::<core::net::IpAddr, Local>::builder()
[INFO] [stdout]    |                                ~~~~~~~~~~~~~~~~~
[INFO] [stdout] 87 |     let token = match Paseto::<core::net::SocketAddr, Local>::builder()
[INFO] [stdout]    |                                ~~~~~~~~~~~~~~~~~~~~~
[INFO] [stdout] 87 |     let token = match Paseto::<std::net::IpAddr, Local>::builder()
[INFO] [stdout]    |                                ~~~~~~~~~~~~~~~~
[INFO] [stdout] 87 |     let token = match Paseto::<std::net::SocketAddr, Local>::builder()
[INFO] [stdout]    |                                ~~~~~~~~~~~~~~~~~~~~
[INFO] [stdout] help: you might be missing a type parameter
[INFO] [stdout]    |
[INFO] [stdout] 68 | pub fn generate_token<V4>(data: &String, encrypt_key: &String, nonce_key: &String) -> Result<String, ()> {
[INFO] [stdout]    |                      ++++
[INFO] [stdout] 
[INFO] [stdout] 
[INFO] [stdout] error[E0412]: cannot find type `Local` in this scope
[INFO] [stdout]   --> src/operation.rs:87:36
[INFO] [stdout]    |
[INFO] [stdout] 87 |     let token = match Paseto::<V4, Local>::builder()
[INFO] [stdout]    |                                    ^^^^^ not found in this scope
[INFO] [stdout]    |
[INFO] [stdout] help: you might be missing a type parameter
[INFO] [stdout]    |
[INFO] [stdout] 68 | pub fn generate_token<Local>(data: &String, encrypt_key: &String, nonce_key: &String) -> Result<String, ()> {
[INFO] [stdout]    |                      +++++++
[INFO] [stdout] 
[INFO] [stdout] 
[INFO] [stdout] error[E0412]: cannot find type `V4` in this scope
[INFO] [stdout]   --> src/operation.rs:87:32
[INFO] [stdout]    |
[INFO] [stdout] 87 |     let token = match Paseto::<V4, Local>::builder()
[INFO] [stdout]    |                                ^^ not found in this scope
[INFO] [stdout]    |
[INFO] [stdout] help: there is an enum variant `core::net::IpAddr::V4` and 4 others; try using the variant's enum
[INFO] [stdout]    |
[INFO] [stdout] 87 |     let token = match Paseto::<core::net::IpAddr, Local>::builder()
[INFO] [stdout]    |                                ~~~~~~~~~~~~~~~~~
[INFO] [stdout] 87 |     let token = match Paseto::<core::net::SocketAddr, Local>::builder()
[INFO] [stdout]    |                                ~~~~~~~~~~~~~~~~~~~~~
[INFO] [stdout] 87 |     let token = match Paseto::<std::net::IpAddr, Local>::builder()
[INFO] [stdout]    |                                ~~~~~~~~~~~~~~~~
[INFO] [stdout] 87 |     let token = match Paseto::<std::net::SocketAddr, Local>::builder()
[INFO] [stdout]    |                                ~~~~~~~~~~~~~~~~~~~~
[INFO] [stdout] help: you might be missing a type parameter
[INFO] [stdout]    |
[INFO] [stdout] 68 | pub fn generate_token<V4>(data: &String, encrypt_key: &String, nonce_key: &String) -> Result<String, ()> {
[INFO] [stdout]    |                      ++++
[INFO] [stdout] 
[INFO] [stdout] 
[INFO] [stdout] error[E0433]: failed to resolve: use of undeclared crate or module `chrono`
[INFO] [stdout]    --> src/operation.rs:103:21
[INFO] [stdout]     |
[INFO] [stdout] 103 |     let prev_time = chrono::DateTime::from_str(prev_utc).unwrap();
[INFO] [stdout]     |                     ^^^^^^ use of undeclared crate or module `chrono`
[INFO] [stdout]     |
[INFO] [stdout] help: consider importing this struct
[INFO] [stdout]     |
[INFO] [stdout] 1   + use aws_sdk_dynamodb::types::DateTime;
[INFO] [stdout]     |
[INFO] [stdout] help: if you import `DateTime`, refer to it directly
[INFO] [stdout]     |
[INFO] [stdout] 103 -     let prev_time = chrono::DateTime::from_str(prev_utc).unwrap();
[INFO] [stdout] 103 +     let prev_time = DateTime::from_str(prev_utc).unwrap();
[INFO] [stdout]     |
[INFO] [stdout] 
[INFO] [stdout] 
[INFO] [stdout] error[E0412]: cannot find type `Local` in this scope
[INFO] [stdout]   --> src/operation.rs:87:36
[INFO] [stdout]    |
[INFO] [stdout] 87 |     let token = match Paseto::<V4, Local>::builder()
[INFO] [stdout]    |                                    ^^^^^ not found in this scope
[INFO] [stdout]    |
[INFO] [stdout] help: you might be missing a type parameter
[INFO] [stdout]    |
[INFO] [stdout] 68 | pub fn generate_token<Local>(data: &String, encrypt_key: &String, nonce_key: &String) -> Result<String, ()> {
[INFO] [stdout]    |                      +++++++
[INFO] [stdout] 
[INFO] [stdout] 
[INFO] [stdout] error[E0433]: failed to resolve: use of undeclared crate or module `chrono`
[INFO] [stdout]    --> src/operation.rs:103:21
[INFO] [stdout]     |
[INFO] [stdout] 103 |     let prev_time = chrono::DateTime::from_str(prev_utc).unwrap();
[INFO] [stdout]     |                     ^^^^^^ use of undeclared crate or module `chrono`
[INFO] [stdout]     |
[INFO] [stdout] help: consider importing this struct
[INFO] [stdout]     |
[INFO] [stdout] 1   + use aws_sdk_dynamodb::types::DateTime;
[INFO] [stdout]     |
[INFO] [stdout] help: if you import `DateTime`, refer to it directly
[INFO] [stdout]     |
[INFO] [stdout] 103 -     let prev_time = chrono::DateTime::from_str(prev_utc).unwrap();
[INFO] [stdout] 103 +     let prev_time = DateTime::from_str(prev_utc).unwrap();
[INFO] [stdout]     |
[INFO] [stdout] 
[INFO] [stdout] 
[INFO] [stdout] error[E0433]: failed to resolve: use of undeclared crate or module `chrono`
[INFO] [stdout]    --> src/operation.rs:109:19
[INFO] [stdout]     |
[INFO] [stdout] 109 |     if duration < chrono::Duration::seconds(time) {
[INFO] [stdout]     |                   ^^^^^^ use of undeclared crate or module `chrono`
[INFO] [stdout]     |
[INFO] [stdout] help: consider importing one of these items
[INFO] [stdout]     |
[INFO] [stdout] 1   + use core::time::Duration;
[INFO] [stdout]     |
[INFO] [stdout] 1   + use std::time::Duration;
[INFO] [stdout]     |
[INFO] [stdout] 1   + use tokio::time::Duration;
[INFO] [stdout]     |
[INFO] [stdout] help: if you import `Duration`, refer to it directly
[INFO] [stdout]     |
[INFO] [stdout] 109 -     if duration < chrono::Duration::seconds(time) {
[INFO] [stdout] 109 +     if duration < Duration::seconds(time) {
[INFO] [stdout]     |
[INFO] [stdout] 
[INFO] [stdout] 
[INFO] [stdout] error[E0433]: failed to resolve: use of undeclared crate or module `rusty_paseto`
[INFO] [stdout]    --> src/operation.rs:116:25
[INFO] [stdout]     |
[INFO] [stdout] 116 |     let get_key = match rusty_paseto::prelude::Key::<32>::try_from(
[INFO] [stdout]     |                         ^^^^^^^^^^^^ use of undeclared crate or module `rusty_paseto`
[INFO] [stdout]     |
[INFO] [stdout] help: consider importing this struct
[INFO] [stdout]     |
[INFO] [stdout] 1   + use std::thread::local_impl::Key;
[INFO] [stdout]     |
[INFO] [stdout] help: if you import `Key`, refer to it directly
[INFO] [stdout]     |
[INFO] [stdout] 116 -     let get_key = match rusty_paseto::prelude::Key::<32>::try_from(
[INFO] [stdout] 116 +     let get_key = match Key::<32>::try_from(
[INFO] [stdout]     |
[INFO] [stdout] 
[INFO] [stdout] 
[INFO] [stdout] error[E0433]: failed to resolve: use of undeclared crate or module `chrono`
[INFO] [stdout]    --> src/operation.rs:109:19
[INFO] [stdout]     |
[INFO] [stdout] 109 |     if duration < chrono::Duration::seconds(time) {
[INFO] [stdout]     |                   ^^^^^^ use of undeclared crate or module `chrono`
[INFO] [stdout]     |
[INFO] [stdout] help: consider importing one of these items
[INFO] [stdout]     |
[INFO] [stdout] 1   + use core::time::Duration;
[INFO] [stdout]     |
[INFO] [stdout] 1   + use std::time::Duration;
[INFO] [stdout]     |
[INFO] [stdout] 1   + use tokio::time::Duration;
[INFO] [stdout]     |
[INFO] [stdout] help: if you import `Duration`, refer to it directly
[INFO] [stdout]     |
[INFO] [stdout] 109 -     if duration < chrono::Duration::seconds(time) {
[INFO] [stdout] 109 +     if duration < Duration::seconds(time) {
[INFO] [stdout]     |
[INFO] [stdout] 
[INFO] [stdout] 
[INFO] [stdout] error[E0433]: failed to resolve: use of undeclared crate or module `rusty_paseto`
[INFO] [stdout]    --> src/operation.rs:116:25
[INFO] [stdout]     |
[INFO] [stdout] 116 |     let get_key = match rusty_paseto::prelude::Key::<32>::try_from(
[INFO] [stdout]     |                         ^^^^^^^^^^^^ use of undeclared crate or module `rusty_paseto`
[INFO] [stdout]     |
[INFO] [stdout] help: consider importing this struct
[INFO] [stdout]     |
[INFO] [stdout] 1   + use std::thread::local_impl::Key;
[INFO] [stdout]     |
[INFO] [stdout] help: if you import `Key`, refer to it directly
[INFO] [stdout]     |
[INFO] [stdout] 116 -     let get_key = match rusty_paseto::prelude::Key::<32>::try_from(
[INFO] [stdout] 116 +     let get_key = match Key::<32>::try_from(
[INFO] [stdout]     |
[INFO] [stdout] 
[INFO] [stdout] 
[INFO] [stdout] warning: unused import: `axum::body::HttpBody`
[INFO] [stdout]  --> src/auth.rs:2:5
[INFO] [stdout]   |
[INFO] [stdout] 2 | use axum::body::HttpBody;
[INFO] [stdout]   |     ^^^^^^^^^^^^^^^^^^^^
[INFO] [stdout]   |
[INFO] [stdout]   = note: `#[warn(unused_imports)]` on by default
[INFO] [stdout] 
[INFO] [stdout] 
[INFO] [stdout] warning: unused import: `axum::body::HttpBody`
[INFO] [stdout]  --> src/auth.rs:2:5
[INFO] [stdout]   |
[INFO] [stdout] 2 | use axum::body::HttpBody;
[INFO] [stdout]   |     ^^^^^^^^^^^^^^^^^^^^
[INFO] [stdout]   |
[INFO] [stdout]   = note: `#[warn(unused_imports)]` on by default
[INFO] [stdout] 
[INFO] [stdout] 
[INFO] [stdout] warning: unused import: `str::FromStr`
[INFO] [stdout]  --> src/operation.rs:1:11
[INFO] [stdout]   |
[INFO] [stdout] 1 | use std::{str::FromStr, time::SystemTime};
[INFO] [stdout]   |           ^^^^^^^^^^^^
[INFO] [stdout] 
[INFO] [stdout] 
[INFO] [stdout] warning: unused import: `obj::KEY_MAP`
[INFO] [stdout]  --> src/operation.rs:9:5
[INFO] [stdout]   |
[INFO] [stdout] 9 |     obj::KEY_MAP,
[INFO] [stdout]   |     ^^^^^^^^^^^^
[INFO] [stdout] 
[INFO] [stdout] 
[INFO] [stdout] warning: unused import: `str::FromStr`
[INFO] [stdout]  --> src/operation.rs:1:11
[INFO] [stdout]   |
[INFO] [stdout] 1 | use std::{str::FromStr, time::SystemTime};
[INFO] [stdout]   |           ^^^^^^^^^^^^
[INFO] [stdout] 
[INFO] [stdout] 
[INFO] [stdout] warning: unused import: `obj::KEY_MAP`
[INFO] [stdout]  --> src/operation.rs:9:5
[INFO] [stdout]   |
[INFO] [stdout] 9 |     obj::KEY_MAP,
[INFO] [stdout]   |     ^^^^^^^^^^^^
[INFO] [stdout] 
[INFO] [stdout] 
[INFO] [stdout] warning: unused import: `get_secret`
[INFO] [stdout]  --> src/test.rs:5:38
[INFO] [stdout]   |
[INFO] [stdout] 5 |         operation::{generate_secret, get_secret},
[INFO] [stdout]   |                                      ^^^^^^^^^^
[INFO] [stdout] 
[INFO] [stdout] 
[INFO] [stdout] warning: value assigned to `ans` is never read
[INFO] [stdout]   --> src/auth.rs:42:25
[INFO] [stdout]    |
[INFO] [stdout] 42 |                 let mut ans = None;
[INFO] [stdout]    |                         ^^^
[INFO] [stdout]    |
[INFO] [stdout]    = help: maybe it is overwritten before being read?
[INFO] [stdout]    = note: `#[warn(unused_assignments)]` on by default
[INFO] [stdout] 
[INFO] [stdout] 
[INFO] [stdout] warning: value assigned to `ans` is never read
[INFO] [stdout]   --> src/auth.rs:42:25
[INFO] [stdout]    |
[INFO] [stdout] 42 |                 let mut ans = None;
[INFO] [stdout]    |                         ^^^
[INFO] [stdout]    |
[INFO] [stdout]    = help: maybe it is overwritten before being read?
[INFO] [stdout]    = note: `#[warn(unused_assignments)]` on by default
[INFO] [stdout] 
[INFO] [stdout] 
[INFO] [stdout] error[E0433]: failed to resolve: use of undeclared crate or module `bcrypt`
[INFO] [stdout]   --> src/operation.rs:57:22
[INFO] [stdout]    |
[INFO] [stdout] 57 |     let hash = match bcrypt::hash(client_secret.as_ref() as &str, 5) {
[INFO] [stdout]    |                      ^^^^^^ use of undeclared crate or module `bcrypt`
[INFO] [stdout] 
[INFO] [stdout] 
[INFO] [stdout] error[E0433]: failed to resolve: use of undeclared crate or module `bcrypt`
[INFO] [stdout]   --> src/operation.rs:57:22
[INFO] [stdout]    |
[INFO] [stdout] 57 |     let hash = match bcrypt::hash(client_secret.as_ref() as &str, 5) {
[INFO] [stdout]    |                      ^^^^^^ use of undeclared crate or module `bcrypt`
[INFO] [stdout] 
[INFO] [stdout] 
[INFO] [stdout] error[E0433]: failed to resolve: use of undeclared type `PasetoSymmetricKey`
[INFO] [stdout]   --> src/operation.rs:71:15
[INFO] [stdout]    |
[INFO] [stdout] 71 |     let key = PasetoSymmetricKey::<V4, Local>::from(
[INFO] [stdout]    |               ^^^^^^^^^^^^^^^^^^ use of undeclared type `PasetoSymmetricKey`
[INFO] [stdout] 
[INFO] [stdout] 
[INFO] [stdout] error[E0433]: failed to resolve: use of undeclared type `PasetoSymmetricKey`
[INFO] [stdout]   --> src/operation.rs:71:15
[INFO] [stdout]    |
[INFO] [stdout] 71 |     let key = PasetoSymmetricKey::<V4, Local>::from(
[INFO] [stdout]    |               ^^^^^^^^^^^^^^^^^^ use of undeclared type `PasetoSymmetricKey`
[INFO] [stdout] 
[INFO] [stdout] 
[INFO] [stdout] error[E0433]: failed to resolve: use of undeclared type `PasetoNonce`
[INFO] [stdout]   --> src/operation.rs:83:24
[INFO] [stdout]    |
[INFO] [stdout] 83 |     let paseto_nonce = PasetoNonce::<V4, Local>::from(&nonce);
[INFO] [stdout]    |                        ^^^^^^^^^^^ use of undeclared type `PasetoNonce`
[INFO] [stdout] 
[INFO] [stdout] 
[INFO] [stdout] error[E0433]: failed to resolve: use of undeclared type `PasetoNonce`
[INFO] [stdout]   --> src/operation.rs:83:24
[INFO] [stdout]    |
[INFO] [stdout] 83 |     let paseto_nonce = PasetoNonce::<V4, Local>::from(&nonce);
[INFO] [stdout]    |                        ^^^^^^^^^^^ use of undeclared type `PasetoNonce`
[INFO] [stdout] 
[INFO] [stdout] 
[INFO] [stdout] error[E0433]: failed to resolve: use of undeclared type `Payload`
[INFO] [stdout]   --> src/operation.rs:85:19
[INFO] [stdout]    |
[INFO] [stdout] 85 |     let payload = Payload::from(data.as_str());
[INFO] [stdout]    |                   ^^^^^^^ use of undeclared type `Payload`
[INFO] [stdout] 
[INFO] [stdout] 
[INFO] [stdout] error[E0433]: failed to resolve: use of undeclared type `Payload`
[INFO] [stdout]   --> src/operation.rs:85:19
[INFO] [stdout]    |
[INFO] [stdout] 85 |     let payload = Payload::from(data.as_str());
[INFO] [stdout]    |                   ^^^^^^^ use of undeclared type `Payload`
[INFO] [stdout] 
[INFO] [stdout] 
[INFO] [stdout] error[E0433]: failed to resolve: use of undeclared type `Paseto`
[INFO] [stdout]   --> src/operation.rs:87:23
[INFO] [stdout]    |
[INFO] [stdout] 87 |     let token = match Paseto::<V4, Local>::builder()
[INFO] [stdout]    |                       ^^^^^^ use of undeclared type `Paseto`
[INFO] [stdout] 
[INFO] [stdout] 
[INFO] [stdout] error[E0433]: failed to resolve: use of undeclared type `Paseto`
[INFO] [stdout]   --> src/operation.rs:87:23
[INFO] [stdout]    |
[INFO] [stdout] 87 |     let token = match Paseto::<V4, Local>::builder()
[INFO] [stdout]    |                       ^^^^^^ use of undeclared type `Paseto`
[INFO] [stdout] 
[INFO] [stdout] 
[INFO] [stdout] error: aborting due to 25 previous errors; 4 warnings emitted
[INFO] [stdout] 
[INFO] [stdout] 
[INFO] [stdout] Some errors have detailed explanations: E0412, E0432, E0433.
[INFO] [stdout] 
[INFO] [stdout] For more information about an error, try `rustc --explain E0412`.
[INFO] [stdout] 
[INFO] [stdout] error: aborting due to 25 previous errors; 5 warnings emitted
[INFO] [stdout] 
[INFO] [stdout] 
[INFO] [stdout] Some errors have detailed explanations: E0412, E0432, E0433.
[INFO] [stdout] 
[INFO] [stdout] For more information about an error, try `rustc --explain E0412`.
[INFO] [stdout] 
[INFO] [stderr] error: could not compile `totp-server` (bin "totp-server") due to 26 previous errors; 4 warnings emitted
[INFO] [stderr] warning: build failed, waiting for other jobs to finish...
[INFO] [stderr] error: could not compile `totp-server` (bin "totp-server" test) due to 26 previous errors; 5 warnings emitted
[INFO] running `Command { std: "docker" "inspect" "7e5560168ed0713606d14b4c2612f2cc31bf074eae7b50eae083f67b0d453f5b", kill_on_drop: false }`
[INFO] running `Command { std: "docker" "rm" "-f" "7e5560168ed0713606d14b4c2612f2cc31bf074eae7b50eae083f67b0d453f5b", kill_on_drop: false }`
[INFO] [stdout] 7e5560168ed0713606d14b4c2612f2cc31bf074eae7b50eae083f67b0d453f5b
